)/(-5)?
2
Suppose -128994 - 95832 = -53*s. What is the tens digit of s?
4
Let m be (-2 + (5 - 1))*2. Let z be m/(-2) - (70/(-5) - -7). Suppose 1133 = z*y - 332. What is the tens digit of y?
9
Suppose 34*y + 3*k = 39*y - 25838, 20 = 5*k. What is the tens digit of y?
7
Suppose 8 = 3*z - z. Suppose 5*c - 955 = 2*c + 5*p, -z*p = -3*c + 959. Let m = c + -178. What is the hundreds digit of m?
1
What is the thousands digit of 2718/(25/((-525)/(-14)))?
4
Suppose 1524 + 10393 = 4*z + 3*j, -5*z - 4*j = -14896. What is the thousands digit of z?
2
Let w be (3 + -4 - -8) + -4. Suppose 0 = w*m - 353 - 829. What is the tens digit of m?
9
Let t = 245 + 91. What is the units digit of t?
6
Let k = 5257 - -2229. What is the units digit of k?
6
Let f(o) = -47*o + 10693. What is the hundreds digit of f(16)?
9
Suppose 8*t - 123 = -19. Suppose 7*f + 312 = t*f. What is the units digit of f?
2
Let t = 140 + -140. Suppose 4*v - 133 = -z, 4*z + 3*v - 467 = -t*v. What is the tens digit of z?
1
Let p(o) = o**2 - 2. Let r(q) = 11*q**2 - 18*q + 69. Let a(x) = -6*p(x) + r(x). What is the hundreds digit of a(13)?
6
Let w be (1155/(-6))/((-2)/4) + -5. Let u = w + 268. What is the tens digit of u?
4
Suppose 12*l = -18*l - 72630. Let k = -1428 - l. What is the units digit of k?
3
Let m(t) be the second derivative of 11*t**3/2 + 23*t**2/2 - 89*t. What is the tens digit of m(2)?
8
Let h(i) = i**3 - 9*i**2 - 2*i + 3. Let p be h(10). Let q = 46 - p. Let b = 75 + q. What is the tens digit of b?
3
Let l(x) = -x**3 - x**2 - x. Let y(t) = -4*t**3 + 10*t**2 - 5*t + 1. Let c(g) = 3*l(g) + y(g). What is the hundreds digit of c(-4)?
5
Let y(b) = -b**3 - 16*b**2 + b + 8. Let n(w) = w**3 + 11*w**2 + 11*w - 7. Let d = -78 - -68. Let k be n(d). What is the hundreds digit of y(k)?
2
Let f be 2*(3 + -3*(-6)/(-9)). Suppose -3*o - f*k = -831, -4*o - 4*k + 1108 = -0*k. Suppose 3*t - o = -40. What is the units digit of t?
9
Let a(k) = k**2 + 2*k - 6. Suppose -o = -4*n - 13, 3*n - 3*o = -5 + 2. Let p be a(n). Suppose -y - 178 = -p*y. What is the units digit of y?
8
Let s = 84512 - 43554. What is the ten thousands digit of s?
4
Let u be (-116)/(-24) + (-2)/(-12). Suppose -2*s - 1529 = -5*z, -u*z + 4*s + 1332 = -201. Suppose 2*r + 37 = z. What is the units digit of r?
4
Let b be (-1)/2 + (-9)/(-18). Suppose b = -12*i + 16*i. Suppose 0 = -i*g - 5*g - 3*k + 992, -5*g - 4*k = -996. What is the units digit of g?
6
What is the units digit of (2598/(-10))/((-98)/2352 - (-1)/(-120))?
6
Suppose -12 = -w - 3*w. Suppose 0 = -w*k + 9*k + 84. Let i = k + 98. What is the tens digit of i?
8
Let m(h) = h**2 + 9*h - 10. Let q be m(-10). Suppose -24*z + 18*z + 84 = q. What is the tens digit of z?
1
What is the tens digit of ((-3)/(-6) - 1)/(26 - (-28557370)/(-1098360))?
1
Suppose -2389 = -3*m + 4*s + 1555, -3*s - 15 = 0. What is the thousands digit of m?
1
Let o(n) = 143*n - 1. Let a be o(1). Let d = 265 - a. Suppose -d = 68*h - 71*h. What is the tens digit of h?
4
Let k be (-260)/(-195) - 8/(-3). Let i(f) = -10*f + 6. Let t be i(-7). Suppose 5*y = k*y + t. What is the units digit of y?
6
Suppose 3*g = 4*g - 5*j + 21, -4*g = 4*j - 36. What is the hundreds digit of ((-90420)/231)/(g/(-14))?
3
Let g(n) = n**3 + 8*n**2 + 9*n. Let b(l) = l**3 - 10*l**2 - 13*l + 16. Let f be b(11). What is the units digit of g(f)?
8
Let t = -87912 + 147871. What is the tens digit of t?
5
Suppose -3*f + 70 = -179. Let g = 4 + f. What is the units digit of g?
7
Suppose -2*x + 5*v - 3*v = -20956, 4*v - 10498 = -x. What is the units digit of x?
2
Let i(n) = 11*n**2 + 9*n - 94. Suppose 6*g + 4 = 3*u + g, -3*g = 5*u - 52. What is the tens digit of i(u)?
8
Suppose -27 = -n - 5*j - 10, 0 = -3*n + 2*j. Let a(h) = 7*h**2 + 25*h - 25. Let g be a(-8). Suppose -n*o + 117 = -g. What is the tens digit of o?
7
Let f(j) = -j**3 - 20*j**2 - 29*j + 96. Let c be f(-18). What is the tens digit of (-948)/(-16) - c/(-24)?
5
Let c = 17 - 27. Let f be ((-3)/18 - c/15)*4. Suppose -3*q + 2*u = -255, 4*q - 122 = f*u + 218. What is the tens digit of q?
8
Let u(l) = 2039*l - 2655. What is the hundreds digit of u(9)?
6
Suppose 6867*t = 6922*t - 2895915. What is the hundreds digit of t?
6
Suppose -157*k + 1875330 + 496816 = -38*k. What is the hundreds digit of k?
9
Let m = 51 - -25. Suppose 0 = 4*i - 3*u - 100, -43*u + 16 = -47*u. Suppose i = 2*o - m. What is the tens digit of o?
4
Let r(f) = 2*f**3 + 11*f**2 + 8*f. Let a be r(-7). Let d = a - -366. What is the hundreds digit of d?
1
Suppose -3*y = -3*u + 615, -4*y - 520 = -5*u + 300. Suppose 57*a - 5*a = -4004. Let r = a - y. What is the hundreds digit of r?
1
Suppose -147 + 4 = 3*w - 4*g, -5*w + 4*g - 233 = 0. Let d = w - -63. What is the units digit of 741/18 + -1 + 15/d?
1
Suppose 6*h - 4*h - 1450 = 0. Let l = h + -336. What is the units digit of l?
9
Let h = 8021 - 6004. What is the hundreds digit of h?
0
What is the ten thousands digit of (858/264)/(2 + 32037/(-16020))?
1
Let a = 238 + -194. Suppose 482 - a = 2*i. What is the hundreds digit of i?
2
Suppose 4*j + 2*z - 26307 = 831, -2*z = -2. What is the units digit of j?
4
Let v = 579 + -576. Suppose 912 = v*i - 3*k, 5*i - 3*k + 268 - 1798 = 0. What is the tens digit of i?
0
Let b = -130 - -157. Let y = -31 + b. What is the tens digit of (-1528)/(-32) + (2 - (-7)/y)?
4
Let h(f) = 6*f - 39. Let g be h(7). Suppose g*m - 4*q - q = 193, -m + 66 = -2*q. What is the units digit of m?
6
Let f(g) = -3*g - 99. Let x be f(-41). Let k(w) = w**2 - 5*w + 92. What is the units digit of k(x)?
8
Let d = 1039 + -1046. Let b(i) = 16*i**2 - 19*i - 148. What is the units digit of b(d)?
9
Let g be (-4)/(-6) + (5 - 782/(-6)). Suppose 0 = y + 5*h + 54, 0 = 3*y - 5*h + 96 + 46. Let v = y + g. What is the units digit of v?
7
Suppose -490*x + 492*x - 57862 = -h, -3*x = -2*h - 86807. What is the tens digit of x?
3
Let q be (2 - 0)*(20/8)/1. Suppose 5*p + q*n = 3815, -2*p + 1256 = -4*n - 240. What is the hundreds digit of p?
7
Let c(r) = 0*r + 8*r - 3 + 22*r + 17*r + 4*r. Let b be -2 + (-1 + 0)*-3. What is the units digit of c(b)?
8
Let p = -18213 + 51789. What is the hundreds digit of p?
5
Suppose -s - 4*m + 694 = 0, 3*s + 0*m - 2108 = m. Suppose -3*i + 2*u + 381 = 0, -4*i - 4*u = -s + 174. What is the tens digit of i?
2
Suppose -15*x = 370734 - 1107534. What is the hundreds digit of x?
1
Suppose 5*w + 2*d = 28, -w + 3*d - 32 = -6*w. Suppose 0 = 29*o - 28*o - w. Suppose 2*p - 256 = -o*v, 0*v + 5*v = 4*p + 333. What is the units digit of v?
5
Let n(i) = 70*i - 3. Let j be n(3). Suppose -3*c - 2*c = -10. Suppose 3*d = c*y - 138, -5*d + j = 3*y - d. What is the units digit of y?
9
Suppose 0 = -45*m + 49*m - 40. Suppose -m*t + 9184 = 6*t. What is the units digit of t?
4
Let u(m) = 31*m**2 + 10. Let d be u(-18). Suppose -722 - d = -24*t. What is the units digit of t?
9
Let o(q) = -q**3 - 2*q + 1. Let p(h) = -38*h**3 + h**2 + 5*h + 5. Let a(l) = -6*o(l) - p(l). What is the hundreds digit of a(2)?
3
Let t = -89 - -92. Let p be -1 + 4 + (78 + 1 - t). Let r = p - 46. What is the units digit of r?
3
Let m(z) = -z**3 - 8*z**2 + 48*z - 6. Let y be m(4). Let s(k) = 5*k**2 + 4*k + 1. What is the tens digit of s(y)?
5
Let f(d) be the third derivative of d**6/24 + d**5/30 - 7*d**4/24 + 19*d**2. Let c(s) be the second derivative of f(s). What is the tens digit of c(4)?
2
Let z = 1782 - 1622. What is the hundreds digit of z?
1
Let p be (-9815)/(-4) + (27/12 - 3). Suppose -5*r - p = -5*f - 403, 4*f - 2*r = 1632. What is the units digit of f?
6
Suppose -s - 43 = -3*j, 3*s = -5*j + 22 + 31. Suppose 2178 = -j*l - 3321. Let d = 719 + l. What is the hundreds digit of d?
2
Suppose -507 = -2*b + 15*b. Let j(u) = u**3 + 2*u**2 - 6*u + 1. Let t be j(4). Let z = t + b. What is the units digit of z?
4
Suppose -20878 = -4*o + 84*g - 82*g, 26115 = 5*o + g. What is the tens digit of o?
2
Suppose 0 = -1266*l + 1267*l - 12. What is the hundreds digit of ((-7)/(-28) - (-33)/l)*374?
1
Suppose 2*m - 11665 = -5*f, -17450 = -3*m - 1187*f + 1189*f. What is the units digit of m?
0
Let j(t) = -t**3 + 26*t**2 - 11*t - 25. Let v be j(18). Suppose -6*s + v = 215. What is the hundreds digit of s?
3
Let v = -22547 - -34206. What is the thousands digit of v?
1
Let d(b) be the second derivative of -56*b**5 + b**4/12 + b**3/6 + b**2/2 - 3